s divided by 7.
4
Calculate the remainder when 1519 is divided by 49.
0
What is the remainder when 250194 is divided by 9266?
12
Calculate the remainder when 39223 is divided by 446.
421
What is the remainder when 15205 is divided by 1382?
3
What is the remainder when 242507 is divided by 21?
20
Calculate the remainder when 19978 is divided by 555.
553
Calculate the remainder when 30679 is divided by 10194.
97
Calculate the remainder when 83777 is divided by 198.
23
What is the remainder when 4248 is divided by 614?
564
Calculate the remainder when 5947 is divided by 660.
7
Calculate the remainder when 175902 is divided by 13.
12
What is the remainder when 9214 is divided by 4504?
206
What is the remainder when 8830 is divided by 2193?
58
What is the remainder when 7035 is divided by 7013?
22
Calculate the remainder when 32569 is divided by 187.
31
Calculate the remainder when 29488 is divided by 5892.
28
Calculate the remainder when 248 is divided by 30.
8
Calculate the remainder when 8732 is divided by 8660.
72
Calculate the remainder when 65328 is divided by 549.
546
Calculate the remainder when 1624 is divided by 1616.
8
What is the remainder when 760104 is divided by 22356?
0
What is the remainder when 1376 is divided by 49?
4
What is the remainder when 2610 is divided by 357?
111
What is the remainder when 10559554 is divided by 12?
10
Calculate the remainder when 102999 is divided by 25744.
23
Calculate the remainder when 31430 is divided by 93.
89
Calculate the remainder when 48843 is divided by 57.
51
What is the remainder when 1602 is divided by 155?
52
Calculate the remainder when 123812 is divided by 66.
62
What is the remainder when 1044 is divided by 296?
156
What is the remainder when 207267 is divided by 630?
627
What is the remainder when 246 is divided by 113?
20
What is the remainder when 8575 is divided by 8429?
146
What is the remainder when 256872 is divided by 36696?
0
What is the remainder when 22377 is divided by 1108?
217
What is the remainder when 63569 is divided by 9081?
2
Calculate the remainder when 193 is divided by 99.
94
What is the remainder when 3103 is divided by 1549?
5
Calculate the remainder when 108807 is divided by 54.
51
What is the remainder when 4196 is divided by 25?
21
Calculate the remainder when 814 is divided by 377.
60
Calculate the remainder when 4557 is divided by 1113.
105
What is the remainder when 2680 is divided by 2648?
32
What is the remainder when 4271 is divided by 97?
3
Calculate the remainder when 31965 is divided by 172.
145
What is the remainder when 5893 is divided by 980?
13
What is the remainder when 97429 is divided by 672?
661
What is the remainder when 8374 is divided by 15?
4
What is the remainder when 679913 is divided by 236?
233
What is the remainder when 958802 is divided by 863?
9
Calculate the remainder when 1310 is divided by 957.
353
What is the remainder when 676933 is divided by 2634?
2629
What is the remainder when 894 is divided by 448?
446
What is the remainder when 3633 is divided by 3617?
16
Calculate the remainder when 88532 is divided by 6.
2
What is the remainder when 94383 is divided by 28?
23
What is the remainder when 5119 is divided by 81?
16
What is the remainder when 6457 is divided by 6444?
13
Calculate the remainder when 3186 is divided by 17.
7
Calculate the remainder when 22775 is divided by 323.
165
Calculate the remainder when 20382 is divided by 11.
10
What is the remainder when 53745 is divided by 7677?
6
What is the remainder when 8528 is divided by 23?
18
Calculate the remainder when 2890 is divided by 961.
7
What is the remainder when 68438 is divided by 3?
2
What is the remainder when 42894 is divided by 204?
54
What is the remainder when 6402 is divided by 2705?
992
Calculate the remainder when 27476 is divided by 6868.
4
Calculate the remainder when 5649 is divided by 1832.
153
Calculate the remainder when 23162 is divided by 215.
157
Calculate the remainder when 15735 is divided by 156.
135
Calculate the remainder when 213461 is divided by 285.
281
Calculate the remainder when 2540 is divided by 2454.
86
Calculate the remainder when 5077 is divided by 362.
9
Calculate the remainder when 99873 is divided by 11096.
9
Calculate the remainder when 24843 is divided by 1226.
323
What is the remainder when 2295 is divided by 563?
43
Calculate the remainder when 14521 is divided by 269.
264
What is the remainder when 22219 is divided by 55?
54
What is the remainder when 1678667 is divided by 787?
783
Calculate the remainder when 27428 is divided by 70.
58
Calculate the remainder when 52242 is divided by 53.
37
What is the remainder when 301332 is divided by 33480?
12
Calculate the remainder when 730 is divided by 43.
42
Calculate the remainder when 66945 is divided by 200.
145
Calculate the remainder when 28796 is divided by 5731.
141
Calculate the remainder when 395 is divided by 197.
1
What is the remainder when 145 is divided by 12?
1
What is the remainder when 46083 is divided by 7667?
81
What is the remainder when 12659 is divided by 12?
11
Calculate the remainder when 155793 is divided by 19473.
9
Calculate the remainder when 64693 is divided by 131.
110
Calculate the remainder when 63519 is divided by 20.
19
Calculate the remainder when 1451 is divided by 609.
233
What is the remainder when 2805 is divided by 87?
21
What is the remainder when 89245 is divided by 175?
170
What is the remainder when 4201 is divided by 37?
20
What is the remainder when 5326 is divided by 1?
0
Calculate the remainder when 10384 is divided by 3362.
298
Calculate the remainder when 85554 is divided by 5.
4
What is the remainder when 8482 is divided by 2827?
1
What is the remainder when 3826 is divided by 301?
214
What is the remainder when 11755 is divided by 1605?
520
What is the remainder when 36871 is divided by 17?
15
What is the remainder when 134100 is divided by 119?
106
What is the remainder when 2894078 is divided by 14?
12
Calculate the remainder when 34131 is divided by 549.
93
What is the remainder when 15403 is divided by 610?
153
What is the remainder when 870652 is divided by 1260?
1252
What is the remainder when 429032 is divided by 1304?
16
What is the remainder when 24167 is divided by 7951?
314
Calculate the remainder when 61634 is divided by 33.
23
Calculate the remainder when 12544 is divided by 24.
16
What is the remainder when 746 is divided by 389?
357
What is the remainder when 79784 is divided by 23?
20
Calculate the remainder when 65342 is divided by 14.
4
Calculate the remainder when 33137 is divided by 8247.
149
Calculate the remainder when 570220 is divided by 8.
4
What is the remainder when 3233 is divided by 897?
542
Calculate the remainder when 81031 is divided by 17.
9
What is the remainder when 1818 is divided by 582?
72
What is the remainder when 27656 is divided by 767?
44
Calculate the remainder when 105217 is divided by 243.
241
Calculate the remainder when 2848 is divided by 2847.
1
Calculate the remainder when 507459 is divided by 938.
1
What is the remainder when 5541 is divided by 19?
12
What is the remainder when 13590 is divided by 27?
9
Calculate the remainder when 12669 is divided by 507.
501
What is the remainder when 54616 is divided by 333?
4
Calculate the remainder when 37861 is divided by 254.
15
Calculate the remainder when 74005 is divided by 503.
64
What is the remainder when 12199 is divided by 261?
193
What is the remainder when 2439 is divided by 89?
36
What is the remainder when 340897 is divided by 50?
47
Calculate the remainder when 90865 is divided by 7.
5
Calculate the remainder when 6551 is divided by 915.
146
What is the remainder when 390951 is divided by 78188?
11
What is the remainder when 13196 is divided by 1874?
78
What is the remainder when 5517 is divided by 189?
36
What is the remainder when 1292 is divided by 50?
42
What is the remainder when 5394 is divided by 480?
114
Calculate the remainder when 7492 is divided by 82.
30
Calculate the remainder when 119673 is divided by 3149.
11
Calculate the remainder when 1426 is divided by 357.
355
What is the remainder when 16364 is divided by 15?
14
What is the remainder when 17446 is divided by 97?
83
Calculate the remainder when 84604 i